m, 4*n - 4*m = -8*m + 12. Let z(v) = v**2 + 2. Give z(n).
6
Let k(o) = -o**2 + 5 - o + 2*o**2 - 2. Let n = 232 - 229. Give k(n).
9
Suppose 7*v = 2*v - 10. Let w(t) = 4*t + 3. Give w(v).
-5
Let j be -2 + 0 + 1 - 5. Let r be ((-8)/j)/(4/(-18)). Let p(h) = h + 7. Calculate p(r).
1
Suppose 2 = 5*j + 17. Let b(c) = -c**2 + 6*c + 2. Let o(k) = -2*k**2 + 7*k + 3. Let l(q) = -3*b(q) + 2*o(q). What is l(j)?
3
Let h(u) be the second derivative of u**4/12 - u**2 + 2*u. Suppose 4*c + 0*c = 0. Calculate h(c).
-2
Let m(c) be the first derivative of -5*c**4/4 - c**3 - 3*c**2 + 7*c - 1. Let i(x) = -6*x**3 - 4*x**2 - 7*x + 8. Let q(v) = 4*i(v) - 5*m(v). Calculate q(2).
5
Suppose 3*b - 9 = 21. Let p(y) = 6*y**2 + y - y**3 - b*y**2 - 3*y - 1. Give p(-4).
7
Let h(k) = -k**3 - 2*k**2 - 2*k + 2. Suppose 10 = s + 8. Calculate h(s).
-18
Suppose -p + 4 = 5. Let o(s) = -s**2 - 2*s - 1. Calculate o(p).
0
Let u(y) = 5*y**2. Let j be u(-1). Let n(t) = -4*t + j*t + 3 - 1 - 3. Calculate n(5).
4
Let g(a) = a**2 - 9*a - 3. Suppose 0 = -5*r + 7*r - 18. Give g(r).
-3
Let r(c) = -2*c + 12 + 4*c - c. Suppose -2*z + 2 = -0. Let o be 5/(-2 - (z - 2)). What is r(o)?
7
Let g(i) = -i - 8. Let x be g(-8). Let b(k) = k**2 - k - 9. Determine b(x).
-9
Let z(w) be the second derivative of w**4/12 - w**3/6 - w. Let v be (9 - 0) + 3 + 0. Suppose -3*m + v = -r, 5*r - 3*m = 2*m - 20. What is z(r)?
0
Suppose 5*w - p = -45, -9 = 2*w - 4*p + 9. Let q(z) = z + 19. Calculate q(w).
10
Let i(b) = -3*b - 10. Let y be i(-4). Let m(p) = 2*p - 5*p + y*p + 5 - 4. Determine m(-5).
6
Let p(r) = 2*r**3 - 3*r**2 + 3*r - 3. Let l = 35 - 33. Give p(l).
7
Let x(d) = -3*d - 3 + 6*d - 2*d. Let b be 18/2 - (-3 - -7). Determine x(b).
2
Let p(h) = h**3 + 4*h**2 - 4*h - 2. Let b = -3 - -6. Suppose 2*n - b = -n. Let u be 5/(-4)*4*n. What is p(u)?
-7
Let j(r) be the first derivative of -r**4/2 + 2*r**3/3 + r**2/2 + 2*r + 1. Calculate j(2).
-4
Let p = 1 - 1. Let x(y) = y. Let r(j) = 5*j. Let h(v) = -r(v) + 4*x(v). Let s(o) = o**2 + 5*o + 9. Let u(m) = -4*h(m) - s(m). Calculate u(p).
-9
Let d be -5*1/((-15)/18). Let r(u) = u - 1. Determine r(d).
5
Let f = 5 - 11. Let c be 2/f - (-20)/6. Let g(o) = c + 6 + o**2 - 2 + 8*o + 0. Determine g(-5).
-8
Let i(l) = -5*l**2 + l - 6. Let k(t) = t**2 - t + 1. Let q(w) = -i(w) - 4*k(w). What is q(-4)?
6
Let r(d) = 3*d**3 - 9*d**2 - 12*d + 35. Let c(p) = -p**3 + 5*p - 12 + 0*p**2 - p + 0*p**2 + 3*p**2. Let g(y) = -17*c(y) - 6*r(y). What is g(4)?
-6
Let j(a) = -3*a + 1 + 2*a**3 - a**3 + 4*a**2 + 0*a**3. Calculate j(-4).
13
Let y(c) be the first derivative of -c**7/840 + c**6/90 + c**5/120 - 5*c**4/24 + 2*c**3 + 4. Let a(z) be the third derivative of y(z). Determine a(4).
-1
Let z(i) = -2*i + 12*i**2 + 6*i**2 - 19*i**2. Calculate z(-4).
-8
Let q(g) = 4*g**3 + 8*g**2 + 2*g + 4. Let i(o) = -o**3 - o**2. Let j(s) = -3*i(s) - q(s). Let c be j(-5). Let p(b) = -2*b + b - c + 0. Calculate p(-5).
-1
Let f = 25 + -14. Let i = f + -8. Let m(y) = -y + 2. Calculate m(i).
-1
Let d(f) = -2*f**2 - f - 1. Let i(v) = -v**2 + 6*v - 4. Let x be i(6). Let h = -4 - x. Let m = h + -2. Determine d(m).
-7
Let q(w) = w**2 - 31*w + 56. Let f be q(29). Let g(i) = -i - 2. Determine g(f).
0
Let p be (0 + -1)*1/1. Let z(r) = -r. Determine z(p).
1
Suppose v - 3 = -0*v - 5*i, 2*v - 6 = -4*i. Suppose -14 = -3*q - 2. Let t(o) = 5 + 3*o - v - 5*o**2 + q*o**2 + 0*o. What is t(4)?
-2
Let k(p) = -2*p**2 - 3*p + 4. Suppose -2*c + 6 = 12. What is k(c)?
-5
Let h(x) = -2*x**3 + 2*x**2 + 2*x - 7. Let u(s) = -3*s**3 + 3*s**2 + 3*s - 7. Let o(t) = -4*h(t) + 3*u(t). Determine o(0).
7
Let f(q) = -q + 10. Suppose -x - 6 + 16 = 0. Calculate f(x).
0
Let n(b) = -b**3 - 3*b**2 + b. Suppose 11 = -w + 6. Let o = -8 + 6. Let r = w - o. Determine n(r).
-3
Suppose 2*g - 3*h - 4 = 0, 2*g - 2*h = -2*g. Let n(z) = 2*z**2 - z - 1. Give n(g).
2
Let p(h) = 3*h + 33. Let z be p(-10). Let o(d) = d**2 - 4*d - 3. Calculate o(z).
-6
Let o(y) = -y + 7. Let v be o(7). Let w(s) = s**2 + 2. Determine w(v).
2
Let j(c) = 4*c + 5 - 3*c - 5*c + 3*c**2. Let b(g) be the second derivative of 13*g**4/12 - 5*g**3/2 + 10*g**2 - 7*g. Let r(d) = -2*b(d) + 9*j(d). What is r(6)?
5
Let c(i) = -13*i**2 - 17*i + 15. Let m(b) = 3*b**2 + 4*b - 4. Let q(k) = -2*c(k) - 9*m(k). What is q(-5)?
-9
Let r be (-3 + 1 + -1)*1. Let o(l) = 5*l**3 + 3*l**2 + 15*l - 1. Let p(w) = 3*w**3 + 2*w**2 + 8*w - 1. Let n(v) = 4*o(v) - 7*p(v). What is n(r)?
0
Let p(d) = 2*d + d**2 + 40 - 2*d**3 - 3*d**2 - 41. Calculate p(1).
-3
Let t be 0*(5 + 12/(-2)). Let v(o) be the second derivative of t + 4*o + 3*o**2 - 1/6*o**3. Calculate v(-5).
11
Let i(t) be the third derivative of t**6/24 - t**4/6 + 2*t**3/3 - 3*t**2. Let x(y) = y**3 + y**2 - y + 1. Let k(v) = -i(v) + 4*x(v). Determine k(4).
0
Let g = -2 - -1. Let r be 7 + (-2 - g*2). Let a(s) = r*s**3 + 3*s**2 - s**2 - 8*s**3 - s. Determine a(2).
-2
Let c(o) = -o**2 + 3*o + 3. Let z = 14 - 8. Calculate c(z).
-15
Suppose 0 = -2*k - 8, -3*k - 6 = 2*u. Let g(j) = -u + j + 12 + 0*j - 3. Give g(0).
6
Let k(v) be the third derivative of 7*v**4/12 + 7*v**3/3 - v**2. Let c(j) = 5*j + 5. Let i(y) = 8*c(y) - 3*k(y). Determine i(-5).
8
Let a(m) = -3*m - 1. Let u(c) = 3*c + 1. Let k(p) = -6*a(p) - 5*u(p). Suppose 6 = 4*z + i + 27, -4*z + 2*i - 6 = 0. Determine k(z).
-11
Let u(n) be the second derivative of n**5/20 + 5*n**4/12 + 2*n**3/3 + 3*n**2/2 - 3*n. What is u(-4)?
3
Let t(s) = s**2 + 2*s - 4. Let w be (6/(-14))/(1/(-7)). What is t(w)?
11
Let p(j) = -9*j**2 - 2*j - 5. Let y(z) = -z**3 - 11*z**2 - 3*z - 6. Let o(m) = -5*p(m) + 4*y(m). What is o(1)?
-4
Suppose -6*q = -7*q + 1. Let z(b) = -10*b**3 - b + 1. What is z(q)?
-10
Let i(o) = o**2 - o - 8. Let u be -3*((-6)/(-9) - 2). Let b = -17 - -32. Suppose b = -5*v + 3*z, u*v + 4*z - 28 = -8. What is i(v)?
-8
Let n(a) = a**2 + 3*a - 4. Let d(y) = 4*y**2 + 8*y - 12. Let m(r) = -2*d(r) + 7*n(r). Calculate m(3).
2
Suppose -t + 20 = 3*t. Let m(z) = 3*z - 1. Determine m(t).
14
Let w(i) = -6*i - 6. Let h(p) = p**2 + p - 1. Let u(m) = -h(m) + w(m). Suppose -2*b = -4*b + 2, 5*n + 15 = -5*b. What is u(n)?
7
Let s(t) = 2*t - 1. Let q = 7 + -7. Suppose -4 = -d - q. Suppose 2*b + d*v = -6, 2*b - 4*v - 13 - 13 = 0. Calculate s(b).
9
Let w(s) = s**3 - s. Let d(l) = -6*l**3 + 9*l - 7. Let f(t) = -d(t) - 5*w(t). Let q(k) = 2*k**3 + k**2 - 7*k + 13. Let y(u) = -5*f(u) + 3*q(u). Determine y(-4).
-8
Let n(h) be the third derivative of -h**5/30 + 7*h**4/24 - h**3/6 + 9*h**2. Determine n(5).
-16
Let l(w) be the third derivative of w**5/10 + w**2. Let i be ((-8)/(-20))/(2/10). Suppose 0 = -j - j - i. Determine l(j).
6
Let d = -12 + -12. Let f be 14/(-35) - d/10. Let o(j) = j**2 - 3*j + 2. Give o(f).
0
Suppose 0 = -3*j + 4*j + 1. Let u(r) = 11*r**3 - 2*r**2 - 2*r - 1. Determine u(j).
-12
Let p(z) = -2*z - 13. Let q(f) = 2*f + 14. Let x(u) = 5*p(u) + 4*q(u). Calculate x(-6).
3
Suppose 0*b - 2*b - 8 = 0. Let y(h) = -h**3 - 2*h**2 + 5*h - 2. Give y(b).
10
Let u(y) = y + 4. Suppose 24*d = 22*d. Determine u(d).
4
Let s be -1 + (0 - -1) + 1. Let n = s + -7. Let f be 1/n + 5/(-6). Let o(b) = 7*b**3 + 2*b**2 - 1. What is o(f)?
-6
Let c(a) = -a**2 + 2*a + 1. Let m be c(3). Let s be (m/4)/(15/(-90)). Let n(j) be the first derivative of -j**3/3 + 3*j**2 - 3*j + 2. Calculate n(s).
6
Suppose -7 = -3*n + 2. Let s(d) = 1 + d**3 - 2*d**n - 2*d + 5*d**2 - 3*d**2. Give s(2).
-3
Suppose 3*s - 6 = 6. Let x(l) be the first derivative of -1/3*l**3 + 4*l - 2 + 0*l**2. Calculate x(s).
-12
Suppose a + 5*y - 12 = -0, -4*a = -5*y + 27. Let q(x) be the third derivative of 0*x + 2/3*x**3 + 1/12*x**4 + 0 - 3*x**2 + 1/60*x**5. Give q(a).
7
Let m(d) = 2*d - 6. Suppose -x = x - 6. Suppose k - 18 = -5*g - 0*g, x*k + 18 = 3*g. What is m(g)?
2
Let y(k) = k - 5. Let v = -16 + 31. Suppose 0 = 2*g + g - v. Determine y(g).
0
Suppose 7 = -3*z + 16. Let f = 3 - z. Suppose -5*x + 3*y - 6 = 0, 3*x + 2 = -f*y + y. Let m(c) = -c**2 + c - 8. Calculate m(x).
-8
Let x(k) = -k**3 - 5*k**2 - 3*k - 5. Suppose 2*v = 6 - 2. Suppose -2*y + v = -y. Suppose d = -a - 2, 5*d - y*d - 18 = 3*a. Determine x(a).
-9
Let a(b) = -b**2 - 6*b - 3. Suppose j = -f + 2, 4*j + 3*f + 0*f = 8. Suppose -s = j*s + 15. What is a(s)?
2
Let u = -6 + 6. Suppose -5*v + 15 = -u*v. Suppose -4*x + 20 = 4*c, -c + 2*x = v*